 - -25?
-166
In base 16, what is -10 + 2fcf7?
2fce7
In base 15, what is 6dc72 + 5?
6dc77
In base 7, what is 6460 - 64?
6363
In base 5, what is 0 + 121412?
121412
In base 12, what is -369 + 125?
-244
In base 13, what is 247a + -ac?
239b
In base 11, what is 3889 - -1?
388a
In base 3, what is -21001212100 - 120?
-21001212220
In base 7, what is -46335 + 14?
-46321
In base 4, what is -10221103312 - -2?
-10221103310
In base 7, what is -44521 + -24?
-44545
In base 12, what is 26488 - 4?
26484
In base 14, what is -4 + -649?
-64d
In base 12, what is 4 - -6518?
6520
In base 3, what is 1101002212 + 110?
1101010022
In base 13, what is -32 + -a5b?
-a90
In base 11, what is 12 + -1588?
-1576
In base 13, what is b111 - -13?
b124
In base 2, what is 110011100101110 + -1?
110011100101101
In base 16, what is -1 - 33e?
-33f
In base 13, what is -44c - 13c?
-58b
In base 4, what is -1102023202 + -30?
-1102023232
In base 2, what is -1010100001 - 11100111?
-1110001000
In base 7, what is 602 + 15?
620
In base 10, what is 50194 - -2?
50196
In base 6, what is -114 - 43555?
-44113
In base 12, what is b1a68 - 1?
b1a67
In base 6, what is 1 - 5111?
-5110
In base 13, what is -4 - -8908?
8904
In base 2, what is -1111 + -10110101000100101?
-10110101000110100
In base 11, what is -45 - 4570?
-4605
In base 3, what is -1 - -12121101211?
12121101210
In base 10, what is 9 - -251046?
251055
In base 12, what is -2 - 7ba?
-800
In base 16, what is db4 + -14?
da0
In base 3, what is -100001 - -20022110?
12222102
In base 6, what is -15 + 124431?
124412
In base 3, what is -220102 + 10202120?
2212011
In base 6, what is 2 + 232111?
232113
In base 16, what is f - cd1?
-cc2
In base 15, what is 2c + 3a6?
3d3
In base 5, what is 40 - 2023?
-1433
In base 3, what is -10 - -1120112002?
1120111222
In base 15, what is 5668 - b?
565c
In base 16, what is 1 - -337e3?
337e4
In base 7, what is -655 + -2323?
-3311
In base 15, what is 6448 + -11?
6437
In base 2, what is -10010110001011011 + -10011?
-10010110001101110
In base 7, what is 5 - 2655013?
-2655005
In base 11, what is 63727 - 2?
63725
In base 16, what is eb06 - 4?
eb02
In base 2, what is -1101110 + -100100110111011?
-100101000101001
In base 9, what is -4107 - 11?
-4118
In base 16, what is 19 + 2e?
47
In base 7, what is 13635 - -21?
13656
In base 2, what is 11 - -1011000101110101110?
1011000101110110001
In base 6, what is 0 - 1505250?
-1505250
In base 6, what is -115355 + -10?
-115405
In base 11, what is 44369 - -1?
4436a
In base 7, what is -1 - 515541?
-515542
In base 7, what is -1 + -110514?
-110515
In base 2, what is 111 + 110110111111000?
110110111111111
In base 11, what is 12a330 - 5?
12a326
In base 8, what is -377 - 1361?
-1760
In base 8, what is -33130 - -56?
-33052
In base 9, what is 84 + -433?
-338
In base 14, what is -2 - 17a26?
-17a28
In base 10, what is 81 - 1953?
-1872
In base 3, what is 2 - 2201022000?
-2201021221
In base 9, what is -2 + -515852?
-515854
In base 4, what is 2022121 - 11200?
2010321
In base 11, what is -2 - -4a00?
49a9
In base 14, what is -a1900 + -3?
-a1903
In base 2, what is 10011001000000 - -1?
10011001000001
In base 9, what is -445 - 15?
-461
In base 9, what is -4661 - 26?
-4687
In base 9, what is -230025 - 0?
-230025
In base 15, what is 0 + -2432?
-2432
In base 16, what is 57fe - b?
57f3
In base 6, what is -24 - -12335?
12311
In base 5, what is -41110 - -4030?
-32030
In base 12, what is -12 + 117714?
117702
In base 3, what is 1220 + -1001011?
-222021
In base 3, what is -1122 - 10120022?
-10121221
In base 10, what is -775520 + -5?
-775525
In base 7, what is 350 + -456?
-106
In base 12, what is -a5154 - 3?
-a5157
In base 5, what is -204 + 3242?
3033
In base 7, what is -5312164 - -5?
-5312156
In base 11, what is 4 + 6a00?
6a04
In base 12, what is -2922 - a?
-2930
In base 4, what is 2 - 23000113?
-23000111
In base 5, what is -1243 + 1333?
40
In base 6, what is -21514 - -1005?
-20505
In base 7, what is 264 - -1?
265
In base 3, what is -2 - 1220212010222?
-1220212011001
In base 2, what is -1101001 - -100111001001?
100101100000
In base 2, what is 100011 + -1110110011?
-1110010000
In base 12, what is -241 + -553?
-794
In base 11, what is 1149 - -1337?
2485
In base 6, what is 1534501 + 41?
1534542
In base 4, what is -12321 - -200023?
121102
In base 9, what is 2433 - 56?
2366
In base 2, what is -110101101 + -1000000111?
-1110110100
In base 3, what is -1122221021 - 11?
-1122221102
In base 16, what is -18ec + -232?
-1b1e
In base 7, what is -1115 - 453?
-1601
In base 11, what is 6a349 + -1?
6a348
In base 5, what is -3331 + -1304?
-10140
In base 2, what is -111000111111100 + 10?
-111000111111010
In base 2, what is 1101 - -1001001000100111000?
1001001000101000101
In base 13, what is -15 - 1639?
-1651
In base 8, what is -3 - 17440?
-17443
In base 12, what is 45 + 7a9?
832
In base 12, what is 90 + -1244?
-1174
In base 15, what is -8b - -2c7?
23b
In base 4, what is -2 + 30130223?
30130221
In base 4, what is -213 + -332?
-1211
In base 13, what is -2 + b05b?
b059
In base 8, what is -113 - -546?
433
In base 4, what is -32101202 - -11?
-32101131
In base 5, what is 1322212 - -141?
1322403
In base 2, what is -100 - -1110001010001100?
1110001010001000
In base 14, what is -183a + -2b?
-1867
In base 4, what is -3 - 30201003?
-30201012
In base 14, what is -1794 - 20?
-17b4
In base 10, what is 4678 + 22?
4700
In base 6, what is 2141 + -453?
1244
In base 9, what is 4 + -2200?
-2185
In base 3, what is -2201 - -11011?
1110
In base 4, what is 12 + 101320123?
101320201
In base 8, what is 1721 + -32?
1667
In base 5, what is 403 - -1204?
2112
In base 11, what is 2a4 + -443?
-14a
In base 9, what is 24418 - -35?
24454
In base 8, what is 2403 - 1043?
1340
In base 8, what is -17 - -64335?
64316
In base 15, what is -ab1d - -4?
-ab19
In base 16, what is 759 + -29?
730
In base 10, what is -110574 - -11?
-110563
In base 6, what is -4 + -25253?
-25301
In base 10, what is 3 - -114491?
114494
In base 12, what is 1642a + 14?
16442
In base 3, what is 121221222 + -12022?
121202200
In base 6, what is 23 + 10023?
10050
In base 9, what is 0 + 142113?
142113
In base 12, what is -6b + 60a?
55b
In base 15, what is 1 + 2b9a?
2b9b
In base 4, what is 0 - 3032030?
-3032030
In base 9, what is -26231 - -1?
-26230
In base 2, what is -10011111 - -100100000?
10000001
In base 10, what is 0 - -3743?
3743
In base 14, what is -239 + -53?
-28c
In base 7, what is 25 - -103566?
103624
In base 13, what is -94c0 + 4?
-94b9
In base 3, what is 1120010002 + 11?
1120010020
In base 5, what is 10 + 111403?
111413
In base 7, what is 50 - 21344?
-21264
In base 2, what is -101110 - -11100011100?
11011101110
In base 4, what is -22 + -213100221?
-213100303
In base 10, what is -41785 - -7?
-41778
In base 3, what is -21202 + -2102221?
-2201200
In base 13, what is -28931a - 3?
-289320
In base 13, what is -3c964a + -2?
-3c964c
In base 7, what is 15 - 565334?
-565316
In base 16, what is -2962db + 5?
-2962d6
In base 7, what is -1500 - 4?
-1504
In base 7, what is -42 + -1534?
-1606
In base 2, what is -1101100111 + -1011101100?
-11001010011
In base 2, what is 0 + 1001110110?
1001110110
In base 10, what is -54 + -162?
-216
In base 2, what is -110111 + -10011100?
-11010011
In base 3, what is 11 - -2010010002?
2010010020
In base 11, what is 5 + 34472?
34477
In base 13, what is -41 + -1a73?
-1ab4
In base 8, what is -2050 + -155?
-2225
In base 7, what is -314133 + -3?
-314136
In base 15, what is -312 + 2?
-310
In base 3, what is 2 - 200220212120?
-200220212111
In base 10, what is -47540 + -11?
-47551
In base 2, what is -1010110 + 11110100001?
11101001011
In base 2, what is -101001 - -11010000?
10100111
In base 6, what is -121 + -2212333?
-2212454
In base 3, what is 0 - -100202201?
100202201
In base 5, what is 4 + -12202?
-12143
In base 4, what is 132022 - -10011?
202033
In base 7, what is -15341 + -3?
-15344
In base 9, what is -3 + 282867?
282864
In base 13, what is 4 - -2aa87?
2aa8b
In base 12, what is -1173 + -80?
-1233
In base 13, what is 2 + 5824?
5826
In base 7, what is 20300 - 1?
20266
In base 10, what is 14 - -1174?
1188
In base 10, what is 449 - -767?
1216
In base 15, what is b + 9512?
951d
In base 7, what is 34 - 46501?
-46434
In base 5, what is 0 - 1344301?
-1344301
In base 5, what is 3 + -41203212?
-